2*o**2 + 5*o + 15. Let c be s(-6). Suppose 2*n + c = 9*n. What is the remainder when n is divided by 4?
3
What is the remainder when (-204)/(-51) - (-78 - 1) is divided by 6 + -5 + 1 + 13?
8
Let l(r) = -r**3 + 28*r**2 + 2*r - 37. Suppose 522 = 15*s + 102. Calculate the remainder when l(s) is divided by 10.
9
Let k(r) = 32*r**2 - 4*r - 90. Let c be k(8). Suppose 20*a = 4*s + 15*a - c, -2*a = 4. Calculate the remainder when s is divided by 13.
11
Suppose 29 - 8 = 3*d. Let l = 310 - 306. Suppose 0 = l*a + 92 - 140. Calculate the remainder when a is divided by d.
5
What is the remainder when (-5004)/(-139)*((-9)/(-2))/(4/8) is divided by 104?
12
What is the remainder when 8 + -9*(-3)/27 is divided by -4*(2/(-1))/2 + 4?
1
Calculate the remainder when 368 is divided by (13 - 10 - 4)/(1/(-49)).
25
Suppose 0*i - 176 = -3*u - i, 4*u - 238 = -2*i. Calculate the remainder when u is divided by 61/7 + 1 + (-26)/(-91).
7
Let k = 67 - 57. Let m be (3 + -9)*(1 + k) - 0. Let c = m - -99. What is the remainder when 128 is divided by c?
29
Let n(t) = -t**3 - 3*t**2 + 2. Let i be n(-1). What is the remainder when 39 is divided by 0 + 2 + 8/(i - -4)?
3
Let u = -2036 + 2085. Calculate the remainder when 1515 is divided by u.
45
Suppose 0 = -v + 3*v + 4*p - 68, -2*v = 2*p - 60. What is the remainder when (-3)/(-6) + (-447)/(-6) is divided by v?
23
Let k = 189 - 132. Calculate the remainder when 98 is divided by k.
41
Suppose -8100 = -17*v + 14680. Calculate the remainder when v is divided by 17.
14
Let u = 38 - 36. Let x be ((-125)/u)/(4 + (-45)/10). Suppose 0 = 5*f + 4*z - x, 0 = -5*f - 3*z + 56 + 69. What is the remainder when 72 is divided by f?
22
Let u = -152 - -220. Let v = -76 + u. What is the remainder when 25 is divided by (-10)/v*(-7 - (3 - 18))?
5
Let o(b) = -9*b - 29. Let i(d) = -3*d - 10. Let t(z) = 17*i(z) - 6*o(z). Let u be t(-2). Calculate the remainder when -6*114/(-10) - u/(-5) is divided by 14.
12
Let x = 5723 + -5714. What is the remainder when 239 is divided by x?
5
Let k = -172 - -162. Calculate the remainder when 131 is divided by (k/8)/((-41)/1476).
41
Let p be (-44)/(2 - 3)*(-19)/(-4). Let v = -147 + p. What is the remainder when v is divided by 11?
7
Let w(x) = -14*x. Let v be w(-2). Let c(a) = 6*a + 64. Calculate the remainder when c(v) is divided by 41.
27
Suppose -6*y = -y - 170. Suppose -5*w - i + y = -42, -3*w = 3*i - 48. Calculate the remainder when w/(-45) - 427/(-3) is divided by 29.
26
Let s(x) = -15*x**3 + 122*x**2 - 7*x - 4. Calculate the remainder when s(7) is divided by 11.
10
Suppose 2*j = 2*r + 68, 3*j + r = 45 + 53. Let l = -27 + j. Suppose -u - l*u = -98. What is the remainder when u is divided by 6?
2
Let p be (-65)/39 + (-992)/(-3). Suppose 0 = o + 2*c - p, 0*c - c = 2*o - 646. What is the remainder when o is divided by 14?
13
Let i = -253769 - -253778. Suppose -r + 19 + 12 = 5*f, -4*r - 37 = -3*f. What is the remainder when i is divided by f?
2
Calculate the remainder when 4899 is divided by -2*182/(-104)*2.
6
Let a = -4439 + 4540. What is the remainder when 321 is divided by a?
18
Let o be 122 + ((-16)/32 - (-1)/2). Let k = 147 - o. Calculate the remainder when 112 is divided by k.
12
Let y = -178 - -184. Suppose -q + 34 = y*a - 5*a, 59 = 2*a - q. Calculate the remainder when a is divided by 19.
12
Let q = 120045 + -120038. Let g(r) = -r**3 - 3*r**2 + r + 5 - 2*r**2 + 3*r. What is the remainder when g(-6) is divided by q?
3
Let q(x) = -54 + 17*x - 41 + 15 - 40 + 12. What is the remainder when 702 is divided by q(7)?
9
Suppose -68 = -14*g - 20*g. Suppose -301 = -2*p + i, p = g*p - 4*i - 147. What is the remainder when p is divided by 31?
27
Let p = -2971 + 3094. Calculate the remainder when 359 is divided by p.
113
Suppose 0 = 2*k + 3*k + 50. Let y(d) = -8*d - 3. Suppose 3*m + 4*z = 30, 0 = -4*m - z - 25 + 65. What is the remainder when y(k) is divided by m?
7
Let f(g) = -2*g**2 - 36*g - 46. What is the remainder when 263 is divided by f(-13)?
11
Suppose 0 = 63*b + 14*b - 15092. Calculate the remainder when b is divided by 78.
40
Let u(v) = v**2 - 102*v + 405. Suppose 0 = 2*a - 5*a + 63. What is the remainder when a is divided by u(4)?
8
Let i(b) be the second derivative of 9*b**2 + 1/20*b**5 - 11/12*b**4 + 0 + 6*b - 13/3*b**3. Calculate the remainder when 125 is divided by i(13).
17
Suppose 0 = -21*z + 17*z + 6*n + 122, 5*n = -5*z - 10. Suppose 3*a + 12 = 66. What is the remainder when a is divided by z?
7
Calculate the remainder when 1789 is divided by (-14)/(-2)*(113 - 106).
25
Let s(r) = 7*r + 7. Let w = -6 + -12. Let d be (1/3)/((-2)/w). Calculate the remainder when 55 is divided by s(d).
27
Let d = -77 + 73. Let s(g) = g**3 + 5*g**2 - 2*g - 8. What is the remainder when (5 - 3)*(-62)/(-2) is divided by s(d)?
14
Let g(t) = -28 + 0 - 4*t**3 + 2*t**3 - t. Let u(n) = 5*n**3 + 3*n + 57. Let y(h) = -7*g(h) - 3*u(h). Calculate the remainder when y(0) is divided by 11.
3
Let d = 944 - 942. Suppose 2*p - 4*c + 18 = 108, -p - d*c = -29. Calculate the remainder when 131 is divided by p.
20
Let l = -296 + 328. Suppose 2*f - l = -6*f. Calculate the remainder when 26 is divided by f.
2
Suppose -4*u = -4, -2*j + 4*u - 136 = 2*j. Let d = 47 - j. Suppose -13*f + 11*f = -d. Calculate the remainder when f is divided by 18.
4
Calculate the remainder when 4364 is divided by 9864/(-4384)*(2/(-9))/(2/312).
74
Suppose 45*l - 4033 = 8*l. Calculate the remainder when l is divided by 62.
47
Let w be -14 + (-848)/(-60) + (-7258)/(-15). Let n = -440 + w. Calculate the remainder when 257 is divided by n.
37
Suppose 0 = 3*f + 3, 45*d + 3*f - 309 = 49*d. What is the remainder when 389 is divided by (2 + 4)*3*d/(-18)?
77
Suppose 140*k + 5*q = 137*k + 61, 0 = -3*k + q + 31. What is the remainder when 2793 is divided by k?
9
Suppose 7*m = -5*p + 407, -11*p + 3*m - 75 = -12*p. Calculate the remainder when p is divided by 3 - 3/(6/(-16)).
10
Let d = -121151 + 121548. What is the remainder when d is divided by 6 - (1 + -2 - 0)?
5
Let w(c) = -2*c + 9. Suppose -38 = -d - 36. Suppose -5*a + 500 = -2*b + 125, -d*a + 3*b + 161 = 0. What is the remainder when a is divided by w(-5)?
16
Suppose 180 = 7*a - 37. Let w(u) = 3*u**2 - 4*u - 3. Let z be (-16)/4*2/4. What is the remainder when a is divided by w(z)?
14
Let d(t) = 3*t**3 - 7*t**2 - 6*t + 4. Let y(q) = 10*q + 25. Let w be y(-2). What is the remainder when d(w) is divided by 7?
6
Let b(u) = -2*u - 2. Let n be b(-4). Let c(l) = -l**3 - l. Calculate the remainder when 5/15*n + 36 is divided by c(-2).
8
Suppose 2*f - 735 = 3*l - 53, l + 222 = -2*f. Let a = -200 - l. What is the remainder when a is divided by 7?
5
Let y(w) = -9*w + 93. Let q = -463 - -469. Calculate the remainder when y(q) is divided by 21.
18
Let g = 38530 + -36580. Calculate the remainder when g is divided by 7.
4
Let w(p) = p**3 + 11*p**2 - 18*p + 18. Let z be w(-13). Let k = -41 - z. Let o = k + -29. What is the remainder when 26 is divided by o?
10
Let k(x) = x**2 + x - 4. Let c = 120 - 118. Suppose -c*g - 83 + 103 = 0. Calculate the remainder when g is divided by k(3).
2
Suppose 22042 = 18*l + 21034. Calculate the remainder when 9686 is divided by l.
54
Suppose 32*z - 121*z + 1148 = -2145. What is the remainder when 88 is divided by z?
14
Let r = -1010 + 1051. Calculate the remainder when (5 + 5 + 234)*1/2 is divided by r.
40
Let y = 531 + -305. Let i = 100561 + -100549. What is the remainder when 2/5 + y/10 is divided by i?
11
Suppose 2*x = -753*p + 749*p + 14, -x - p + 12 = 0. What is the remainder when 1263 is divided by x?
5
Let s(z) be the second derivative of z**6/240 - z**4/3 + 6*z. Let k(h) be the third derivative of s(h). Calculate the remainder when k(12) is divided by 20.
16
Let s = -135 + 832. Suppose 9*g = -3*n + 4*g + 549, -5*g - s = -4*n. Calculate the remainder when n is divided by 47.
37
Calculate the remainder when 10410 is divided by ((-5928)/312)/(2/(-4)*1).
36
Let h be (-15)/5 + (-4 - -13). Let r(a) = a**3 - 5*a**2 + a - 11. What is the remainder when 246 is divided by r(h)?
29
Suppose -103*p + 102*p = -2. Suppose 4*n - 2*v = n + 90, v + 120 = 4*n. Calculate the remainder when n is divided by ((-23)/(-46))/(p/16).
2
Let b(n) = n**3 + 77*n**2 - 156*n + 186. Calculate the remainder when 1082 is divided by b(-79)